00 is divided by 608089.
22
Calculate the remainder when 772670 is divided by 51511.
5
Calculate the remainder when 12428 is divided by 3876.
800
Calculate the remainder when 30308 is divided by 978.
968
Calculate the remainder when 41047 is divided by 40942.
105
What is the remainder when 13859 is divided by 308?
307
What is the remainder when 19652 is divided by 19625?
27
Calculate the remainder when 769578 is divided by 81.
78
What is the remainder when 166014 is divided by 219?
12
Calculate the remainder when 8271 is divided by 1178.
25
Calculate the remainder when 67651 is divided by 27.
16
Calculate the remainder when 33873 is divided by 11257.
102
What is the remainder when 125132 is divided by 114?
74
What is the remainder when 66826 is divided by 297?
1
What is the remainder when 249828 is divided by 57?
54
Calculate the remainder when 2357369 is divided by 167.
164
Calculate the remainder when 1546 is divided by 28.
6
Calculate the remainder when 67561 is divided by 41.
34
What is the remainder when 16950 is divided by 52?
50
Calculate the remainder when 111394 is divided by 1714.
1698
Calculate the remainder when 63183 is divided by 1215.
3
Calculate the remainder when 72806 is divided by 19.
17
What is the remainder when 757033 is divided by 153?
142
Calculate the remainder when 2420 is divided by 5.
0
What is the remainder when 138516 is divided by 45?
6
Calculate the remainder when 7017 is divided by 24.
9
What is the remainder when 18882 is divided by 4?
2
What is the remainder when 15969 is divided by 45?
39
Calculate the remainder when 327676 is divided by 109208.
52
Calculate the remainder when 46590 is divided by 31.
28
Calculate the remainder when 94481 is divided by 13.
10
What is the remainder when 20688 is divided by 414?
402
Calculate the remainder when 164104 is divided by 121.
28
What is the remainder when 4109 is divided by 2052?
5
What is the remainder when 2095 is divided by 491?
131
What is the remainder when 352278 is divided by 117419?
21
What is the remainder when 8953 is divided by 292?
193
Calculate the remainder when 1186 is divided by 742.
444
Calculate the remainder when 474801 is divided by 7.
5
What is the remainder when 1323 is divided by 186?
21
What is the remainder when 1052 is divided by 378?
296
Calculate the remainder when 4749 is divided by 2.
1
Calculate the remainder when 54846 is divided by 450.
396
What is the remainder when 95220 is divided by 23805?
0
What is the remainder when 20436 is divided by 51?
36
What is the remainder when 2828 is divided by 64?
12
Calculate the remainder when 1559 is divided by 375.
59
What is the remainder when 58873 is divided by 101?
91
What is the remainder when 189 is divided by 161?
28
Calculate the remainder when 50631 is divided by 2301.
9
What is the remainder when 1307 is divided by 464?
379
What is the remainder when 4756 is divided by 478?
454
Calculate the remainder when 1476413 is divided by 37.
2
Calculate the remainder when 1194 is divided by 751.
443
What is the remainder when 307802 is divided by 177?
176
Calculate the remainder when 88097 is divided by 44041.
15
Calculate the remainder when 11164 is divided by 427.
62
Calculate the remainder when 124379 is divided by 18.
17
What is the remainder when 40571 is divided by 5067?
35
What is the remainder when 40790 is divided by 4079?
0
Calculate the remainder when 31451 is divided by 9.
5
Calculate the remainder when 52670 is divided by 17555.
5
What is the remainder when 23117 is divided by 773?
700
Calculate the remainder when 3270 is divided by 149.
141
Calculate the remainder when 4793 is divided by 30.
23
What is the remainder when 14392 is divided by 17?
10
What is the remainder when 6356 is divided by 1057?
14
What is the remainder when 5823 is divided by 26?
25
Calculate the remainder when 358028 is divided by 44753.
4
Calculate the remainder when 2693 is divided by 142.
137
What is the remainder when 66022 is divided by 103?
102
What is the remainder when 4923 is divided by 120?
3
Calculate the remainder when 604045 is divided by 150.
145
Calculate the remainder when 46042 is divided by 506.
502
What is the remainder when 8339 is divided by 4167?
5
Calculate the remainder when 139241 is divided by 255.
11
Calculate the remainder when 159540 is divided by 9.
6
What is the remainder when 10812 is divided by 1350?
12
Calculate the remainder when 12609 is divided by 119.
114
Calculate the remainder when 901460 is divided by 463.
462
What is the remainder when 295776 is divided by 70?
26
Calculate the remainder when 309368 is divided by 1509.
23
Calculate the remainder when 970017 is divided by 718.
717
What is the remainder when 4273 is divided by 231?
115
What is the remainder when 1507 is divided by 320?
227
Calculate the remainder when 1868930 is divided by 11.
8
Calculate the remainder when 4806 is divided by 439.
416
What is the remainder when 4499 is divided by 412?
379
Calculate the remainder when 7591 is divided by 7587.
4
What is the remainder when 66 is divided by 33?
0
Calculate the remainder when 3628 is divided by 435.
148
What is the remainder when 8304 is divided by 41?
22
Calculate the remainder when 769090 is divided by 33.
25
Calculate the remainder when 1652 is divided by 556.
540
Calculate the remainder when 318447 is divided by 579.
576
Calculate the remainder when 3196 is divided by 86.
14
Calculate the remainder when 136985 is divided by 190.
185
What is the remainder when 5874 is divided by 196?
190
Calculate the remainder when 8802887 is divided by 2033.
2030
What is the remainder when 289 is divided by 156?
133
What is the remainder when 21797 is divided by 173?
172
What is the remainder when 535 is divided by 120?
55
What is the remainder when 253031 is divided by 6?
5
Calculate the remainder when 1124 is divided by 157.
25
What is the remainder when 104334 is divided by 8?
6
What is the remainder when 16251 is divided by 130?
1
What is the remainder when 43406 is divided by 48?
14
Calculate the remainder when 981126 is divided by 29.
27
What is the remainder when 78780 is divided by 134?
122
Calculate the remainder when 1120860 is divided by 337.
335
Calculate the remainder when 6639 is divided by 29.
27
Calculate the remainder when 237 is divided by 99.
39
What is the remainder when 449322 is divided by 149771?
9
Calculate the remainder when 125995 is divided by 53.
14
Calculate the remainder when 2847765 is divided by 1474.
1471
Calculate the remainder when 769 is divided by 101.
62
What is the remainder when 6023 is divided by 124?
71
What is the remainder when 4370 is divided by 1279?
533
Calculate the remainder when 32902 is divided by 6556.
122
What is the remainder when 724 is divided by 250?
224
What is the remainder when 1201 is divided by 753?
448
What is the remainder when 2942 is divided by 124?
90
What is the remainder when 6442 is divided by 2918?
606
What is the remainder when 8358 is divided by 31?
19
Calculate the remainder when 94879 is divided by 21.
1
Calculate the remainder when 90732 is divided by 30240.
12
Calculate the remainder when 155342 is divided by 532.
530
What is the remainder when 909365 is divided by 284?
281
What is the remainder when 2804 is divided by 163?
33
Calculate the remainder when 81331 is divided by 40656.
19
Calculate the remainder when 23334 is divided by 5799.
138
Calculate the remainder when 616 is divided by 199.
19
What is the remainder when 9970 is divided by 2960?
1090
Calculate the remainder when 1402 is divided by 194.
44
Calculate the remainder when 987 is divided by 340.
307
What is the remainder when 3371 is divided by 339?
320
What is the remainder when 28111 is divided by 757?
102
Calculate the remainder when 22268 is divided by 131.
129
Calculate the remainder when 2272709 is divided by 104.
101
What is the remainder when 7738 is divided by 63?
52
Calculate the remainder when 5381 is divided by 1003.
366
What is the remainder when 211945 is divided by 2436?
13
What is the remainder when 2753 is divided by 816?
305
What is the remainder when 107944 is divided by 8302?
18
Calculate the remainder when 1427 is divided by 323.
135
Calculate the remainder when 24621 is divided by 12255.
111
Calculate the rem